{"id":12,"date":"2021-04-25T18:48:03","date_gmt":"2021-04-25T18:48:03","guid":{"rendered":"https:\/\/www.odlahelalivet.se\/?page_id=12"},"modified":"2024-08-22T22:11:04","modified_gmt":"2024-08-22T22:11:04","slug":"om","status":"publish","type":"page","link":"https:\/\/www.odlahelalivet.se\/?page_id=12","title":{"rendered":"Om projektet"},"content":{"rendered":"\n<p><strong>Projektbeskrivning<\/strong><br>Projektet genomf\u00f6rdes mellan 2021-05-01 &#8211; 2024-06-31 och med st\u00f6d fr\u00e5n Allm\u00e4nna Arvsfonden.<\/p>\n\n\n\n<p><strong>M\u00e5lgrupp i projektet:<\/strong><\/p>\n\n\n\n<p>Projektet v\u00e4nde sig till personer, 50+ med neuropsykiatriska funktionsneds\u00e4ttningar (NPF) bosatta i G\u00f6teborg och med intresse av att l\u00e4ra sig hur man kan odla \u00e5ret runt, hemma, p\u00e5 sin balkong, i sin tr\u00e4dg\u00e5rd eller p\u00e5 gemensamma odlingsytor.<\/p>\n\n\n\n<p><strong>Syftet med projektet:<\/strong><\/p>\n\n\n\n<p>Att kunna erbjuda m\u00e5lgruppen meningsfulla aktiviteter i syfte att st\u00e4rka gruppens psykiska h\u00e4lsa med hj\u00e4lp av gemensamma odlingsaktiviteter och naturpromenader.<\/p>\n\n\n\n<p>Ett pedagogiskt studiecirkel- och handledningsmaterial med konkreta tips och r\u00e5d har producerats under projekttiden.<\/p>\n\n\n\n<p>De ur m\u00e5lgruppen som \u00f6nskade och var intresserade av odling erbj\u00f6ds utbildning till cirkelledare och handledare i samverkan med Studief\u00f6rbundet Vuxenskolan i G\u00f6teborg vilket ocks\u00e5 har varit en samverkanspartner. <\/p>\n\n\n\n<p>De medverkande fick ocks\u00e5 \u00f6kade kunskaper i h\u00e5llbarhet och om Agenda 2030.<\/p>\n\n\n\n<p>Efter projekttiden kommer projektid\u00e9n forts\u00e4tta i Attention G\u00f6teborgs ordinarie verksamhet som ett eget erbjudande till medlemmar. Projektmaterialet kommer finnas f\u00f6r intressenter i form av ett studiecirkelmaterial. <\/p>\n","protected":false},"excerpt":{"rendered":"<p>ProjektbeskrivningProjektet genomf\u00f6rdes mellan 2021-05-01 &#8211; 2024-06-31 och med st\u00f6d fr\u00e5n Allm\u00e4nna Arvsfonden. M\u00e5lgrupp i projektet: Projektet v\u00e4nde sig till personer, 50+ med neuropsykiatriska funktionsneds\u00e4ttningar (NPF) bosatta i G\u00f6teborg och med intresse av att l\u00e4ra sig hur man kan &hellip; <\/p>\n<div class=\"more-link-wrapper\"><a href=\"https:\/\/www.odlahelalivet.se\/?page_id=12\" class=\"more-link\">Continue reading<span class=\"screen-reader-text\"> &#8221;Om projektet&#8221;<\/span><\/a><\/div>\n","protected":false},"author":1,"featured_media":0,"parent":0,"menu_order":0,"comment_status":"closed","ping_status":"closed","template":"","meta":{"footnotes":""},"class_list":["post-12","page","type-page","status-publish","hentry"],"jetpack_sharing_enabled":true,"_links":{"self":[{"href":"https:\/\/www.odlahelalivet.se\/index.php?rest_route=\/wp\/v2\/pages\/12","targetHints":{"allow":["GET"]}}],"collection":[{"href":"https:\/\/www.odlahelalivet.se\/index.php?rest_route=\/wp\/v2\/pages"}],"about":[{"href":"https:\/\/www.odlahelalivet.se\/index.php?rest_route=\/wp\/v2\/types\/page"}],"author":[{"embeddable":true,"href":"https:\/\/www.odlahelalivet.se\/index.php?rest_route=\/wp\/v2\/users\/1"}],"replies":[{"embeddable":true,"href":"https:\/\/www.odlahelalivet.se\/index.php?rest_route=%2Fwp%2Fv2%2Fcomments&post=12"}],"version-history":[{"count":12,"href":"https:\/\/www.odlahelalivet.se\/index.php?rest_route=\/wp\/v2\/pages\/12\/revisions"}],"predecessor-version":[{"id":550,"href":"https:\/\/www.odlahelalivet.se\/index.php?rest_route=\/wp\/v2\/pages\/12\/revisions\/550"}],"wp:attachment":[{"href":"https:\/\/www.odlahelalivet.se\/index.php?rest_route=%2Fwp%2Fv2%2Fmedia&parent=12"}],"curies":[{"name":"wp","href":"https:\/\/api.w.org\/{rel}","templated":true}]}}

<p><strong>Projektbeskrivning</strong><br>Projektet genomfördes mellan 2021-05-01 &#8211; 2024-06-31 och med stöd från Allmänna Arvsfonden.</p>



<p><strong>Målgrupp i projektet:</strong></p>



<p>Projektet vände sig till personer, 50+ med neuropsykiatriska funktionsnedsättningar (NPF) bosatta i Göteborg och med intresse av att lära sig hur man kan odla året runt, hemma, på sin balkong, i sin trädgård eller på gemensamma odlingsytor.</p>



<p><strong>Syftet med projektet:</strong></p>



<p>Att kunna erbjuda målgruppen meningsfulla aktiviteter i syfte att stärka gruppens psykiska hälsa med hjälp av gemensamma odlingsaktiviteter och naturpromenader.</p>



<p>Ett pedagogiskt studiecirkel- och handledningsmaterial med konkreta tips och råd har producerats under projekttiden.</p>



<p>De ur målgruppen som önskade och var intresserade av odling erbjöds utbildning till cirkelledare och handledare i samverkan med Studieförbundet Vuxenskolan i Göteborg vilket också har varit en samverkanspartner. </p>



<p>De medverkande fick också ökade kunskaper i hållbarhet och om Agenda 2030.</p>



<p>Efter projekttiden kommer projektidén fortsätta i Attention Göteborgs ordinarie verksamhet som ett eget erbjudande till medlemmar. Projektmaterialet kommer finnas för intressenter i form av ett studiecirkelmaterial. </p>

<p>ProjektbeskrivningProjektet genomfördes mellan 2021-05-01 &#8211; 2024-06-31 och med stöd från Allmänna Arvsfonden. Målgrupp i projektet: Projektet vände sig till personer, 50+ med neuropsykiatriska funktionsnedsättningar (NPF) bosatta i Göteborg och med intresse av att lära sig hur man kan &hellip; </p>
<div class="more-link-wrapper"><a href="https://www.odlahelalivet.se/?page_id=12" class="more-link">Continue reading<span class="screen-reader-text"> &#8221;Om projektet&#8221;</span></a></div>
